{"id":2225,"date":"2026-04-21T13:02:01","date_gmt":"2026-04-21T11:02:01","guid":{"rendered":"https:\/\/www.sylwiasliwka.pl\/?post_type=product&#038;p=2225"},"modified":"2026-04-24T21:16:09","modified_gmt":"2026-04-24T19:16:09","slug":"zamedytuj-ze-mna","status":"publish","type":"product","link":"https:\/\/www.sylwiasliwka.pl\/index.php\/product\/zamedytuj-ze-mna\/","title":{"rendered":"ZaMedytuj ze Mn\u0105"},"content":{"rendered":"<p>MP3 Sylwia \u015aliwka<\/p>\n<p>&#8221; Przep\u0142yw&#8221;, &#8222;\u017bywio\u0142 Ziemi&#8221;, &#8222;\u017bywio\u0142 Ognia&#8221;, &#8222;Zwierz\u0119 Mocy&#8221;<\/p>\n","protected":false},"excerpt":{"rendered":"<p>MP3 Sylwia \u015aliwka &#8221; Przep\u0142yw&#8221;, &#8222;\u017bywio\u0142 Ziemi&#8221;, &#8222;\u017bywio\u0142 Ognia&#8221;, &#8222;Zwierz\u0119 Mocy&#8221;<\/p>\n","protected":false},"featured_media":2227,"comment_status":"open","ping_status":"closed","template":"","meta":[],"product_brand":[],"product_cat":[31],"product_tag":[],"class_list":{"0":"post-2225","1":"product","2":"type-product","3":"status-publish","4":"has-post-thumbnail","6":"product_cat-mp3","8":"first","9":"instock","10":"downloadable","11":"virtual","12":"purchasable","13":"product-type-simple"},"jetpack_sharing_enabled":true,"_links":{"self":[{"href":"https:\/\/www.sylwiasliwka.pl\/index.php\/wp-json\/wp\/v2\/product\/2225","targetHints":{"allow":["GET"]}}],"collection":[{"href":"https:\/\/www.sylwiasliwka.pl\/index.php\/wp-json\/wp\/v2\/product"}],"about":[{"href":"https:\/\/www.sylwiasliwka.pl\/index.php\/wp-json\/wp\/v2\/types\/product"}],"replies":[{"embeddable":true,"href":"https:\/\/www.sylwiasliwka.pl\/index.php\/wp-json\/wp\/v2\/comments?post=2225"}],"wp:featuredmedia":[{"embeddable":true,"href":"https:\/\/www.sylwiasliwka.pl\/index.php\/wp-json\/wp\/v2\/media\/2227"}],"wp:attachment":[{"href":"https:\/\/www.sylwiasliwka.pl\/index.php\/wp-json\/wp\/v2\/media?parent=2225"}],"wp:term":[{"taxonomy":"product_brand","embeddable":true,"href":"https:\/\/www.sylwiasliwka.pl\/index.php\/wp-json\/wp\/v2\/product_brand?post=2225"},{"taxonomy":"product_cat","embeddable":true,"href":"https:\/\/www.sylwiasliwka.pl\/index.php\/wp-json\/wp\/v2\/product_cat?post=2225"},{"taxonomy":"product_tag","embeddable":true,"href":"https:\/\/www.sylwiasliwka.pl\/index.php\/wp-json\/wp\/v2\/product_tag?post=2225"}],"curies":[{"name":"wp","href":"https:\/\/api.w.org\/{rel}","templated":true}]}}